t s(m) = -111*m**3 + 10*m**2 + 9*m + 9. What is s(-1)?
121
Let a(v) = -1118*v - 6725. What is a(-6)?
-17
Let g(l) = l**3 - 111*l**2 - 96*l - 1884. What is g(112)?
-92
Let i(u) = -505*u + 10066. Give i(20).
-34
Let p(q) = 38*q + 952. Calculate p(-27).
-74
Let z(i) = -5*i**2 + 303*i + 1441. Give z(65).
11
Let p(d) = d**3 + 13*d**2 + 157*d + 1086. Determine p(-9).
-3
Let q(z) = z**3 - 21*z**2 + 22*z - 59. What is q(20)?
-19
Let h(c) = 3*c**2 + 92*c - 238. Give h(-33).
-7
Let n(v) = -8*v**2 - 113*v + 3152. What is n(14)?
2
Let v(b) = -252*b + 11089. Determine v(44).
1
Let l(i) = -5*i**3 - 293*i**2 + 127*i + 552. Calculate l(-59).
21
Let v(w) = 3*w**2 - 198*w + 1058. Give v(60).
-22
Let q(o) = -4492*o + 71879. Determine q(16).
7
Let r(b) = -9*b**2 + 86*b - 57. Give r(9).
-12
Let q(m) = -2*m**3 - 45*m**2 - 81*m - 415. Calculate q(-21).
-37
Let q(h) = -h**2 - 226*h - 12485. Give q(-130).
-5
Let k(h) = h**3 + 8*h**2 + 16*h - 1. Give k(-6).
-25
Let p(i) = 21*i - 120. Calculate p(6).
6
Let v(s) = -s**2 - 8*s + 10. Determine v(-8).
10
Let x(h) = 2*h**2 - 7*h - 10. Calculate x(-2).
12
Let u(n) = -11*n**2 + 35*n - 57. Give u(4).
-93
Let d(u) = u**2 + 107*u + 1053. What is d(-11)?
-3
Let v(z) = 14*z - 50. What is v(20)?
230
Let u(z) = -22*z**2 - 4445*z - 144. Determine u(-202).
58
Let x(u) = -29*u**3 + 5*u**2 - 19*u - 58. Calculate x(-2).
232
Let g(n) = -162*n + 3884. Give g(24).
-4
Let q(c) = 1923*c - 17305. Calculate q(9).
2
Let j(c) = -163*c + 6320. What is j(40)?
-200
Let i(z) = z**2 - 20*z - 489. Give i(19).
-508
Let c(w) = -2467*w + 4930. Determine c(2).
-4
Let r(a) = a**2 + 78*a - 771. Give r(9).
12
Let n(w) = -3*w**2 - 56*w + 85. Calculate n(-27).
-590
Let k(p) = -2651*p - 13255. Calculate k(-5).
0
Let r(t) = -127*t - 5770. Calculate r(-45).
-55
Let n(i) = 3*i**3 + 436*i**2 - 288*i + 447. What is n(-146)?
-137
Let q(m) = -m**3 + 10*m**2 + 134*m + 176. What is q(18)?
-4
Let b(r) = -r**3 + 17*r**2 - 57*r. Give b(7).
91
Let z(u) = 328*u + 1368. Determine z(-4).
56
Let v(r) = -r**2 - 475*r + 2894. Determine v(6).
8
Let j(s) = 269*s**2 - 3486*s - 42. What is j(13)?
101
Let k(u) = -2*u**3 - 227*u**2 + 114*u - 49. What is k(-114)?
-49
Let t(d) = 7*d + 431. Give t(-5).
396
Let n(l) = -l**3 - 49*l - 93. What is n(-2)?
13
Let y(p) = 24*p**2 - 19*p - 3. Calculate y(1).
2
Let b(u) = 37*u**3 - u**2 - u. What is b(-1)?
-37
Let q(k) = -7*k**2 + 51*k - 93. Calculate q(4).
-1
Let m(a) = -247*a + 7245. What is m(30)?
-165
Let d(r) = -r**2 - 295*r - 880. Calculate d(-3).
-4
Let o(b) = b**3 + 40*b**2 - 128*b - 43. Calculate o(-43).
-86
Let u(j) = -2*j**3 + 208*j**2 - 4533*j + 517. Give u(73).
6
Let d(n) = -n**2 - 20*n - 16. What is d(11)?
-357
Let k(d) = 12056*d - 48237. Give k(4).
-13
Let y(x) = 20*x - 10. Calculate y(-7).
-150
Let s(g) = 30*g + 1106. Calculate s(-37).
-4
Let s(a) = a - 125. What is s(-13)?
-138
Let p(k) = -4*k**3 - 108*k**2 - 204*k - 82. Give p(-25).
18
Let q(c) = c**2 + 265*c + 5808. Give q(-24).
24
Let k(x) = x**3 - 7*x**2 + 10*x - 34. Calculate k(6).
-10
Let i(x) = -104*x - 1654. Give i(-16).
10
Let b(h) = -h**2 - 16*h - 27. Give b(-2).
1
Let m(v) = 893*v + 11628. What is m(-13)?
19
Let f(c) = c**2 - 33*c + 26. Give f(26).
-156
Let v(k) = -k**3 + 7*k**2 + 3*k - 49. Calculate v(6).
5
Let q(p) = -2*p**2 + 210*p - 1366. Give q(7).
6
Let h(r) = r**3 - 3*r**2 - 30*r + 3. What is h(8)?
83
Let i(n) = -n**2 - 39*n - 166. What is i(-30)?
104
Let p(j) = j**3 + 16*j**2 + 86*j + 142. What is p(-3)?
1
Let p(n) = 112*n - 530. Calculate p(5).
30
Let r(p) = 63*p - 314. Give r(5).
1
Let r(g) = -g**3 + 3*g**2 - 3*g + 3. Calculate r(5).
-62
Let k(x) = 554*x + 3429. Calculate k(-6).
105
Let d(r) = -4882*r + 9831. Determine d(2).
67
Let x(r) = 27*r**3 - 44*r**2 + 14*r - 1. What is x(1)?
-4
Let j(k) = -k**3 - 11*k**2 + 62*k + 586. Calculate j(-13).
118
Let v(k) = 21*k**3 + 1070*k**2 - 50*k + 58. Calculate v(-51).
7
Let w(u) = 4*u**2 - 118*u + 361. Determine w(26).
-3
Let z(d) = -6*d**2 - 93*d - 268. Calculate z(-4).
8
Let p(l) = -19*l + 64. Calculate p(3).
7
Let g(o) = -7*o - 147. Calculate g(-15).
-42
Let z(b) = 85*b - 1029. Calculate z(12).
-9
Let s(j) = 4424*j + 44244. Calculate s(-10).
4
Let s(d) = -53*d**2 - 2*d - 2. What is s(-1)?
-53
Let s(f) = -111*f**2 - 8883*f - 166. Give s(-80).
74
Let l(j) = -j - 73. Calculate l(-49).
-24
Let h(y) = 183*y + 374. Calculate h(-2).
8
Let l(z) = -107*z - 5450. Determine l(-51).
7
Let h(u) = -u**3 - 78*u**2 - 691*u - 748. What is h(-68)?
0
Let f(v) = -v**3 - 15*v**2 + 5*v - 46. Calculate f(-16).
130
Let z(c) = c**3 - 302*c**2 - 139*c + 41984. Determine z(302).
6
Let s(i) = -3*i**2 - 47*i + 18. Give s(-18).
-108
Let a(v) = -64*v + 3526. Calculate a(55).
6
Let v(b) = -46*b**2 + 13*b + 12. Calculate v(-3).
-441
Let a(d) = 2*d**3 + 56*d**2 - 56*d + 37. Determine a(-29).
-21
Let x(w) = w**3 + 6*w**2 - 72*w + 41. Determine x(-12).
41
Let p(d) = 6*d**2 - 322*d - 266. Give p(54).
-158
Let k(q) = -11*q + 45. Determine k(-13).
188
Let s(y) = 132*y + 2411. Calculate s(-18).
35
Let w(k) = 33*k + 43. Calculate w(-3).
-56
Let c(y) = 7*y - 237. Determine c(31).
-20
Let w(h) = -8*h - 146. Determine w(-14).
-34
Let v(i) = i**3 + 91*i**2 + 171*i - 632. Determine v(-89).
-9
Let l(m) = 2*m**3 - 24*m**2 - 2*m + 12. What is l(12)?
-12
Let w(n) = 245*n - 1224. Calculate w(5).
1
Let t(y) = -5*y**2 + 129*y - 718. Determine t(8).
-6
Let j(w) = -w**3 + 205*w**2 + 2186*w - 7731. What is j(215)?
9
Let j(y) = 498*y + 1453. Determine j(-3).
-41
Let c(w) = -w**3 + 23*w**2 + 27*w - 66. Calculate c(24).
6
Let s(f) = -20*f - 346. What is s(-60)?
854
Let x(d) = 128*d - 803. Give x(6).
-35
Let w(d) = -d**3 + 11*d**2 + 14*d - 80. Give w(11).
74
Let d(l) = -501*l - 8089. What is d(-16)?
-73
Let h(g) = 2*g**3 + 51*g**2 + 934*g + 20681. Give h(-24).
-7
Let y(t) = -t**3 + 19*t**2 - 46*t - 208. Give y(15).
2
Let n(d) = -167*d - 16651. Calculate n(-100).
49
Let y(i) = -27*i**2 + 81*i + 18. Give y(3).
18
Let c(n) = 3*n**3 - 2*n**2 + 258*n + 522. Calculate c(-2).
-26
Let k(n) = n**3 + 45*n**2 + 292*n - 8. What is k(-8)?
24
Let j(y) = -15*y**2 + 2*y - 4. Determine j(1).
-17
Let b(x) = 2*x**2 - 46*x + 24. Give b(22).
-20
Let y(t) = 20*t**3 + 5*t**2 - 8*t - 10. What is y(-1)?
-17
Let z(y) = -5*y**3 + 146*y**2 - 29*y + 18. Give z(29).
18
Let g(i) = -420*i + 24353. What is g(58)?
-7
Let g(y) = -8*y**3 - 41*y**2 + 2*y + 8. Give g(-5).
-27
Let b(h) = -2*h**2 + 96*h - 658. Determine b(33).
332
Let s(h) = -150*h - 47390. What is s(-316)?
10
Let d(w) = 3*w**2 - 39*w + 8. Calculate d(11).
-58
Let b(q) = -q**2 - 37*q - 139. Determine b(-6).
47
Let m(h) = 56*h**2 + 356*h + 9. Determine m(-6).
-111
Let g(j) = -j**2 + 20*j - 95. Give g(13).
-4
Let a(d) = d**3 + 3*d**2 + 215*d + 1401. What is a(-6)?
3
Let z(r) = 37*r + 93. Determine z(-10).
-277
Let g(q) = -62*q + 1200. What is g(19)?
22
Let v(u) = -51*u - 250. Determine v(-6).
56
Let f(v) = -v**3 - 96*v**2 + 823*v - 948. Give f(-104).
-12
Let g(p) = p**3 - 10*p**2 - 2*p + 150. Calculate g(8).
6
Let b(f) = 363*f**3 + 2*f**2 + f. Determine b(-1).
-362
Let t(x) = -x**3 + 9*x**2 + 110*x + 39. Give t(16).
7
Let w(a) = 4*a - 289. Give w(-58).
-521
Let o(j) = 920*j - 10106. What is o(11)?
14
Let d(r) = 2*r**3 - 70*r**2 - 70*r - 62. Give d(36).
10
Let r(l) = -402*l + 82. Give r(2).
-722
Let x(u) = -176*u + 2645. Calculate x(15).
5
Let q(a) = 15*a - 68. Determine q(8).
52
Let s(o) = -2*o**2 - 18*o + 41. Give s(-10).
21
Let a(j) = 16*j - 201. What is a(12)?
-9
Let k(a) = -6*a + 330. Determine k(30).
150
Let t(c) = 242*c - 2209. Determine t(9).
-31
Let w(g) = -24*g + 1219. Calculate w(49).
43
Let u(h) = 24*h**3 + 8*h**2 + 9*h - 10. Calculate u(-3).
-613
Let f(q) = 30*q - 160. Calculate f(11).
170
Let z(a) = a**2 - 25*a - 2291. Calculate z(-37).
3
Let c(k) = k**3 + 3*k**2 - 26*k + 10. What is c(-7)?
-4
Let s(d) = -2*d**3 + 136*d**2 - 252*d - 785. Calculate s(66).
7
Let u(g) = -g**3 - 69*g**2 + 286*g - 434. Calculate u(-73).
4
Let r(o) = -194*o - 1356. Calculate r(-7).
2
Let y(k) = -3*k**2 - 40*k - 112. What is y(-8)?
16
Let o(c) = 3*c**2 - 60*c - 39. Calculate o(21).
24
Let n(l) = 70*l + 3708. Calculate n(-53).
-2
Let i(u) = 1457*u + 4369. Calculate i(-3).
-2
Let v(w) = -4*w**2 + 77*w - 339. Determine v(13).
-14
Let x(d) = -d**3 - 2*d**2 + 27*d 